041
Convert 543526 (base 7) to base 14.
2684d
Convert 332013032223 (base 4) to base 10.
16282539
Convert -113313231 (base 4) to base 6.
-2032353
101000001011110011 (base 2) to base 6
3310003
What is -283638 (base 9) in base 16?
-2a4ee
What is -233282 (base 10) in base 14?
-61030
Convert -615401 (base 7) to base 2.
-11001101011000011
22122210022 (base 3) to base 8
514700
27512 (base 8) to base 14
45aa
What is -db5b (base 14) in base 11?
-26533
What is -25312420 (base 7) in base 8?
-10566631
What is -8a91a (base 12) in base 15?
-399e1
What is 2514134 (base 7) in base 10?
323180
What is 674911 (base 13) in base 5?
1111004013
Convert -20869 (base 13) to base 12.
-29a81
What is -2641732 (base 8) in base 11?
-464741
Convert 3264a5 (base 12) to base 15.
10bb42
161658 (base 9) to base 8
302543
Convert -536475 (base 11) to base 2.
-11010001011010000010
18473a (base 14) to base 11
536323
Convert -103120451 (base 6) to base 8.
-6766357
What is 759495 (base 10) in base 3?
1102120211110
Convert 7543118 (base 10) to base 6.
425401502
What is -131442022 (base 5) in base 14?
-131051
Convert 343ab7 (base 12) to base 14.
17aa4b
1112010210012 (base 3) to base 11
503428
What is 1264625 (base 7) in base 8?
506672
What is 1111111100001101010100 (base 2) in base 16?
3fc354
What is -10122020102122 (base 3) in base 8?
-7300466
1111011202120 (base 3) to base 4
3001010013
Convert -2623531 (base 7) to base 10.
-342238
Convert -89d048 (base 14) to base 15.
-627d17
What is 169992 (base 10) in base 6?
3351000
What is 2121314 (base 8) in base 6?
20044112
What is -3ae60 (base 15) in base 6?
-4014213
Convert -125380 (base 11) to base 12.
-96313
Convert 336137 (base 8) to base 5.
12120014
What is 1200346 (base 7) in base 3?
21200202001
1642c7e (base 15) to base 13
346a009
Convert -4767821 (base 9) to base 12.
-a47617
25360 (base 12) to base 16
c5b8
What is -140022422 (base 5) in base 11?
-441530
What is -808569 (base 10) in base 2?
-11000101011001111001
-13244041 (base 5) to base 3
-20211012000
-10023312222 (base 4) to base 8
-4136652
Convert 2ba133 (base 15) to base 9.
3864803
Convert -44701 (base 13) to base 3.
-20022101121
303503 (base 7) to base 4
30213302
Convert -101100011001100100100011 (base 2) to base 8.
-54314443
Convert -11c17a (base 15) to base 14.
-182104
3674739 (base 10) to base 9
6820713
112333213110 (base 4) to base 15
7e0edc
-1111b3 (base 13) to base 3
-202102221110
What is -96002 (base 12) in base 13?
-6b885
What is -231552105 (base 6) in base 10?
-4291529
What is -65735 (base 8) in base 5?
-1340423
What is -10220021100 (base 3) in base 12?
-384b3
31113333 (base 4) to base 6
1101343
Convert -447756 (base 8) to base 2.
-100100111111101110
What is -5252025 (base 6) in base 2?
-111110011100010001
-148256 (base 9) to base 6
-1542510
Convert -122133324 (base 5) to base 4.
-2032132211
Convert 899a8 (base 12) to base 10.
182864
15504 (base 8) to base 16
1b44
What is 20201010110 (base 3) in base 10?
132042
Convert 2010311310 (base 4) to base 12.
222a70
-46f90 (base 16) to base 4
-1012332100
Convert f979c (base 16) to base 3.
1220220201101
What is 111111101011001000101 (base 2) in base 11?
11a5660
Convert 1964ac (base 15) to base 9.
2283810
What is 16a9869 (base 12) in base 9?
8757420
Convert 3232003 (base 9) to base 7.
20510061
Convert 111202122130 (base 4) to base 5.
2421132410
2100521 (base 6) to base 8
305641
Convert -5cba4 (base 15) to base 13.
-a4aca
-70492 (base 12) to base 11
-9a630
-2625c (base 13) to base 2
-10001010000111111
Convert -2210110212200 (base 3) to base 4.
-11222230230
-1232211 (base 5) to base 13
-ac46
What is 303323233 (base 4) in base 2?
110011111011101111
Convert 3361564 (base 7) to base 13.
1185a3
Convert -642648 (base 11) to base 13.
-2a008a
What is 6359b (base 14) in base 16?
3a8e5
Convert -11012244 (base 5) to base 12.
-46977
What is -203c20 (base 13) in base 12?
-3028a7
Convert -422b (base 16) to base 13.
-7930
-13011403 (base 5) to base 7
-1032630
Convert 10142111 (base 6) to base 12.
121937
What is -23403341 (base 6) in base 13?
-1c8097
Convert -6bb23 (base 13) to base 5.
-22304141
What is 1535025 (base 6) in base 11?
62012
-29a1b6 (base 12) to base 14
-143ac2
Convert -473aa (base 11) to base 16.
-10b0c
What is -31210403 (base 5) in base 9?
-431451
What is -21352472 (base 8) in base 12?
-164858a
-6091d (base 15) to base 4
-1022222023
Convert 78813 (base 10) to base 5.
10010223
Convert 102102001121 (base 3) to base 16.
36d3f
What is 24ce2 (base 15) in base 4?
130232132
15bdbf (base 16) to base 6
50312235
What is -1001110100110101100011 (base 2) in base 9?
-4755185
Convert 362013 (base 7) to base 2.
1111111111110011
23260 (base 11) to base 8
101457
What is -945dc (base 14) in base 12?
-153146
Convert -5152039 (base 10) to base 14.
-9817cb
-444012330 (base 5) to base 15
-284560
What is -121cc01 (base 14) in base 8?
-41066741
Convert -1505323 (base 6) to base 13.
-30633
Convert -257a2 (base 15) to base 5.
-12313402
What is 230601 (base 10) in base 11?
148288
What is 10010010111000011100111 (base 2) in base 9?
10045212
What is 331794 (base 10) in base 7?
2551221
What is 12123213121 (base 4) in base 2?
110011011100111011001
What is 14654054 (base 8) in base 16?
33582c
What is -35318 (base 15) in base 16?
-295e8
Convert 131136346 (base 7) to base 5.
4121114303
Convert -17159 (base 14) to base 8.
-161053
Convert 6426a0 (base 14) to base 12.
1174384
What is -102200202101110 (base 3) in base 2?
-10111101101010101011111
-21420374 (base 8) to base 16
-4620fc
What is 210122022000021 (base 3) in base 2?
101011110111110010100111
Convert -a72177 (base 15) to base 6.
-442301404
-101055230 (base 6) to base 8
-6472442
Convert 80790 (base 12) to base 7.
1263615
What is 21745 (base 16) in base 9?
227864
Convert -15a130 (base 15) to base 14.
-1d3556
Convert 6488906 (base 11) to base 15.
100377b
What is -494020 (base 10) in base 16?
-789c4
What is 322582 (base 9) in base 4?
232323032
What is -7c3682 (base 14) in base 5?
-2041012112
What is 44221102 (base 5) in base 3?
201102220022
-3ba50 (base 12) to base 6
-1434540
What is 30214045 (base 8) in base 12?
216a485
Convert -129976c (base 13) to base 16.
-5939c2
What is 18e219 (base 15) in base 11?
758739
-100011110001111110011 (base 2) to base 10
-1172467
Convert 5452543 (base 6) to base 12.
111153
What is 5285288 (base 9) in base 3?
12022212022222
What is -10010000121 (base 3) in base 16?
-ef44
657178 (base 10) to base 11
409825
Convert -b2a1b (base 16) to base 4.
-2302220123
What is 101110100000010111 (base 2) in base 10?
190487
-10447 (base 11) to base 2
-11101101001000
Convert -154598 (base 14) to base 13.
-1cc966
-12001002012 (base 3) to base 10
-99203
20400443 (base 5) to base 6
3341453
-3202223 (base 6) to base 7
-1216632
-178918 (base 11) to base 9
-458562
2214016 (base 7) to base 11
176978
Convert -5b1b58 (base 12) to base 14.
-2a5aa8
Convert -1233321424 (base 5) to base 3.
-12200202120012
What is 203c9b (base 13) in base 6?
24034221
1a35319 (base 13) to base 12
2a86288
Convert 51321154 (base 6) to base 4.
11213200132
What is 204042 (base 11) in base 3?
121122012121
What is -40437 (base 13) in base 3?
-12211201000
Convert 578a6 (base 16) to base 15.
71396
Convert -42113014 (base 5) to base 10.
-347884
Convert -27552643 (base 8) to base 16.
-5ed5a3
7436615 (base 9) to base 4
33023320220
What is 2330110023 (base 4) in base 3?
1110012002010
-10143302111 (base 5) to base 7
-155314644
What is -31723 (base 12) in base 10?
-64971
Convert -4502136 (base 9) to base 4.
-21033130311
Convert 1101001001001011100 (base 2) to base 5.
102240214
31037 (base 15) to base 6
3154554
Convert 494862 (base 10) to base 4.
1320310032
1c27cd3 (base 14) to base 8
65557721
336134 (base 7) to base 15
12a8b
136703 (base 9) to base 13
2c118
What is -23537bb (base 12) in base 13?
-1551128
-168e71 (base 16) to base 11
-91a700
Convert 2441050 (base 8) to base 13.
1a7011
Convert -200200202 (base 4) to base 9.
-222578
Convert 1332404233 (base 5) to base 11.
1a15277
Convert 111011111001101101111 (base 2) to base 5.
1000302423
Convert -222102101202101 (base 3) to base 14.
-1c173d1
Convert 252984 (base 12) to base 6.
20554244
What is -2001042221 (base 5) in base 9?
-7341582
Convert -2155533 (base 10) to base 8.
-10162015
What is -1547bab